, 79
List the prime factors of 36562.
2, 101, 181
What are the prime factors of 22326?
2, 3, 61
List the prime factors of 19989.
3, 2221
List the prime factors of 76680.
2, 3, 5, 71
What are the prime factors of 6687?
3, 743
What are the prime factors of 6202?
2, 7, 443
List the prime factors of 778.
2, 389
What are the prime factors of 1338?
2, 3, 223
List the prime factors of 16713.
3, 619
What are the prime factors of 794?
2, 397
What are the prime factors of 3680?
2, 5, 23
List the prime factors of 5145.
3, 5, 7
What are the prime factors of 19513?
13, 19, 79
List the prime factors of 25221.
3, 7, 1201
List the prime factors of 881.
881
What are the prime factors of 63505?
5, 13, 977
List the prime factors of 132702.
2, 3, 17, 1301
List the prime factors of 19192.
2, 2399
What are the prime factors of 26985?
3, 5, 7, 257
What are the prime factors of 3794?
2, 7, 271
List the prime factors of 12306.
2, 3, 7, 293
List the prime factors of 485.
5, 97
What are the prime factors of 24481?
24481
List the prime factors of 1560.
2, 3, 5, 13
List the prime factors of 2079.
3, 7, 11
List the prime factors of 2494.
2, 29, 43
List the prime factors of 42208.
2, 1319
What are the prime factors of 2873?
13, 17
List the prime factors of 1512.
2, 3, 7
List the prime factors of 3890.
2, 5, 389
List the prime factors of 9358.
2, 4679
List the prime factors of 9255.
3, 5, 617
List the prime factors of 4183.
47, 89
List the prime factors of 18002.
2, 9001
What are the prime factors of 143065?
5, 13, 31, 71
List the prime factors of 54288.
2, 3, 13, 29
List the prime factors of 1043.
7, 149
What are the prime factors of 49393?
49393
What are the prime factors of 128161?
11, 61, 191
List the prime factors of 27979.
7, 571
List the prime factors of 1400.
2, 5, 7
List the prime factors of 224.
2, 7
What are the prime factors of 711?
3, 79
What are the prime factors of 5765?
5, 1153
List the prime factors of 3261.
3, 1087
List the prime factors of 641.
641
What are the prime factors of 24382?
2, 73, 167
What are the prime factors of 31578?
2, 3, 19, 277
What are the prime factors of 7206?
2, 3, 1201
What are the prime factors of 42849?
3, 23
List the prime factors of 4153.
4153
What are the prime factors of 25313?
17, 1489
List the prime factors of 21603.
3, 19, 379
List the prime factors of 7484.
2, 1871
List the prime factors of 8820.
2, 3, 5, 7
List the prime factors of 48328.
2, 7, 863
What are the prime factors of 10096?
2, 631
What are the prime factors of 2049?
3, 683
List the prime factors of 101.
101
List the prime factors of 8849.
8849
What are the prime factors of 851?
23, 37
List the prime factors of 12233.
13, 941
List the prime factors of 104340.
2, 3, 5, 37, 47
What are the prime factors of 1845?
3, 5, 41
List the prime factors of 89124.
2, 3, 7, 1061
List the prime factors of 18411.
3, 17, 19
List the prime factors of 6055.
5, 7, 173
List the prime factors of 78496.
2, 11, 223
What are the prime factors of 3150?
2, 3, 5, 7
List the prime factors of 30375.
3, 5
List the prime factors of 6534.
2, 3, 11
List the prime factors of 29941.
79, 379
What are the prime factors of 2017?
2017
What are the prime factors of 77432?
2, 9679
List the prime factors of 106289.
157, 677
List the prime factors of 16145.
5, 3229
What are the prime factors of 120971?
137, 883
List the prime factors of 2119.
13, 163
What are the prime factors of 2440?
2, 5, 61
What are the prime factors of 6616?
2, 827
What are the prime factors of 444?
2, 3, 37
What are the prime factors of 1237?
1237
List the prime factors of 63016.
2, 7877
List the prime factors of 1753.
1753
List the prime factors of 890.
2, 5, 89
List the prime factors of 590.
2, 5, 59
List the prime factors of 492.
2, 3, 41
List the prime factors of 4641.
3, 7, 13, 17
List the prime factors of 15107.
15107
List the prime factors of 8208.
2, 3, 19
List the prime factors of 2157.
3, 719
What are the prime factors of 17328?
2, 3, 19
What are the prime factors of 367?
367
List the prime factors of 17118.
2, 3, 317
List the prime factors of 107002.
2, 7, 7643
List the prime factors of 190.
2, 5, 19
What are the prime factors of 16503?
3, 5501
What are the prime factors of 20387?
19, 29, 37
List the prime factors of 20050.
2, 5, 401
List the prime factors of 23521.
43, 547
List the prime factors of 7404.
2, 3, 617
List the prime factors of 28440.
2, 3, 5, 79
List the prime factors of 172761.
3, 57587
List the prime factors of 35217.
3, 7, 13, 43
List the prime factors of 718.
2, 359
What are the prime factors of 35160?
2, 3, 5, 293
What are the prime factors of 1149?
3, 383
What are the prime factors of 23706?
2, 3, 439
List the prime factors of 19930.
2, 5, 1993
List the prime factors of 1141.
7, 163
What are the prime factors of 2322?
2, 3, 43
List the prime factors of 40959.
3, 37, 41
List the prime factors of 926.
2, 463
List the prime factors of 67643.
17, 23, 173
List the prime factors of 10440.
2, 3, 5, 29
List the prime factors of 1744.
2, 109
List the prime factors of 2708.
2, 677
List the prime factors of 1410.
2, 3, 5, 47
What are the prime factors of 9223?
23, 401
List the prime factors of 25040.
2, 5, 313
List the prime factors of 6494.
2, 17, 191
List the prime factors of 1958.
2, 11, 89
List the prime factors of 775.
5, 31
List the prime factors of 3975.
3, 5, 53
List the prime factors of 45024.
2, 3, 7, 67
List the prime factors of 25275.
3, 5, 337
What are the prime factors of 175?
5, 7
What are the prime factors of 11880?
2, 3, 5, 11
What are the prime factors of 73410?
2, 3, 5, 2447
What are the prime factors of 72688?
2, 7, 11, 59
List the prime factors of 3100.
2, 5, 31
What are the prime factors of 7934?
2, 3967
List the prime factors of 398.
2, 199
List the prime factors of 54561.
3, 13, 1399
List the prime factors of 24045.
3, 5, 7, 229
What are the prime factors of 12217?
19, 643
List the prime factors of 15948.
2, 3, 443
List the prime factors of 44220.
2, 3, 5, 11, 67
List the prime factors of 1680.
2, 3, 5, 7
List the prime factors of 4347.
3, 7, 23
List the prime factors of 488.
2, 61
What are the prime factors of 51768?
2, 3, 719
List the prime factors of 1647.
3, 61
What are the prime factors of 2952?
2, 3, 41
List the prime factors of 2587.
13, 199
List the prime factors of 38002.
2, 19001
What are the prime factors of 28031?
28031
What are the prime factors of 1146?
2, 3, 191
What are the prime factors of 715?
5, 11, 13
What are the prime factors of 3566?
2, 1783
List the prime factors of 24364.
2, 6091
What are the prime factors of 30942?
2, 3, 191
What are the prime factors of 8406?
2, 3, 467
List the prime factors of 37673.
101, 373
List the prime factors of 8807.
8807
List the prime factors of 21365.
5, 4273
List the prime factors of 308.
2, 7, 11
What are the prime factors of 2141?
2141
What are the prime factors of 6558?
2, 3, 1093
List the prime factors of 60645.
3, 5, 13, 311
List the prime factors of 642.
2, 3, 107
What are the prime factors of 22122?
2, 3, 1229
List the prime factors of 3955.
5, 7, 113
List the prime factors of 10381.
7, 1483
What are the prime factors of 71708?
2, 7, 13, 197
List the prime factors of 26742.
2, 3, 4457
List the prime factors of 99492.
2, 3, 8291
What are the prime factors of 1669?
1669
What are the prime factors of 5369?
7, 13, 59
List the prime factors of 739.
739
List the prime factors of 55807.
55807
List the prime factors of 54858.
2, 3, 41, 223
List the prime factors of 117397.
7, 31, 541
List the prime factors of 3069.
3, 11, 31
What are the prime factors of 1623?
3, 541
List the prime factors of 3720.
2, 3, 5, 31
What are the prime factors of 1690?
2, 5, 13
What are the prime factors of 109839?
3, 19, 41, 47
List the prime factors of 52355.
5, 37, 283
What are the prime factors of 48092?
2, 11, 1093
List the prime factors of 17912.
2, 2239
What are the prime factors of 5349?
3, 1783
What are the prime factors of 1944?
2, 3
List the prime factors of 931.
7, 19
What are the prime factors of 2613?
3, 13, 67
List the prime factors of 5620.
2, 5, 281
What are the prime factors of 1115?
5, 223
List the prime factors of 1894.
2, 947
What are the prime factors of 1568?
2, 7
What are the prime factors of 134557?
239, 563
List the prime factors